= -g*h, 0*j - j - 2*h = -1801. Is j prime?
False
Let h = -28 - -9. Let k = h - -23. Suppose 5*n = -4*j + 7624, -k*j - 2*n + 7600 = -3*n. Is j composite?
False
Suppose 3*n + 43 = 5*w, -5*w = -2*n + 112 - 154. Let h(a) = -a**3 - a**2 + 5. Let t be h(0). Suppose -w*v + 2361 = -t*v. Is v a prime number?
True
Let g(h) = 40079*h**2 - 297*h - 601. Is g(-2) composite?
False
Let y be (1/(-2))/((-10)/499540). Suppose 15496 = 9*k - y. Is k a prime number?
False
Let v = 441368 + -280809. Is v prime?
False
Suppose 140*o = 517654 + 658206. Is o a composite number?
True
Suppose 4*p - 90597 = 7*p. Let k = p + 46596. Is k composite?
True
Let h be (-5 + 1 + 4)*(-5)/10. Is (-12191)/(0 - h - (7 - 6)) prime?
False
Suppose -2799570 - 3723522 = -85*x - 1287857. Is x a composite number?
True
Suppose -92*g + 21678952 = -22436380 - 14008152. Is g a composite number?
True
Is (-88379)/(-3) - 120/180 composite?
True
Let g = -13 - -17. Suppose 6*w = g - 10. Let l(x) = -88*x**3 + x**2. Is l(w) composite?
False
Suppose 0*s = 5*s + 805. Suppose 22*t + 694 = -r + 21*t, 5*r + 3482 = -3*t. Is (-1 - r)*s/(-69) a composite number?
True
Let c(v) = 2*v**3 - 12*v**2 - 2*v + 4. Let g be c(6). Is (36/g)/9 + 3612/8 composite?
True
Let q be (-1 - 4)/(-5) + 2 + 1. Suppose 0 = q*r - r + 3*c - 7038, -c - 11742 = -5*r. Suppose -r = -5*k + k. Is k a prime number?
True
Suppose -25 = -5*u - 5*b, 3*b = -u + 3 + 4. Suppose -7*w = 5*i - 2*w - 47940, 5*w + 38361 = u*i. Is i composite?
True
Is (-71278305)/(-133) - 13*(-10)/(-1235) a prime number?
False
Suppose 5*g = 7*n - 2*n - 5, -3*g = -n - 3. Is (900/27 + -14)*177/g a prime number?
False
Let x(p) = p**3 + 17*p**2 + 16*p - 734. Is x(34) a prime number?
False
Let y(u) = 1054*u + 5281. Is y(100) a composite number?
False
Let c(b) = b**3 - 7*b**2 + b - 4. Suppose 0 = 3*q - 15 - 6. Let v be c(q). Suppose v*p = -2*l - l + 195, 61 = l + 3*p. Is l composite?
False
Suppose 52 + 38 = 5*b. Let y(z) = 10*z**2 - 50*z + 13. Is y(b) composite?
True
Is (3/(-48) - (-56)/(-128))*(-820578 + -4) a composite number?
True
Is 1/(-4 - -13) + 17892430/423 a prime number?
True
Let g = -84102 + 151333. Is g a composite number?
False
Let n(u) = 9*u - 303. Let m be n(35). Suppose -m*z = -10*z - 8870. Is z a prime number?
False
Let l(i) = 15*i**2 - 6. Let q be l(-2). Let o be q/15 + (-9)/15. Suppose 0 = -o*k - 2*z + 2725, -5*k + 4*z + 4527 = -0*k. Is k a prime number?
True
Let z = -55 - -100. Suppose z*o - 40*o - 10 = 0. Is o/3 + 23944/12 + -3 prime?
True
Is (13 - (7 - -2))*127446/24 composite?
True
Let s(b) = b**3 + 80*b**2 + 140*b + 138. Is s(-41) prime?
True
Suppose 0 = -z + 2*c, 2*z + z - 4 = 4*c. Suppose -n + 5*n = 9*n + 9*n. Suppose n = 2*g - 7*g + 4*q + 25853, -3*g = -z*q - 15507. Is g a composite number?
True
Let l(w) = 231*w**2 - 31*w - 17. Is l(8) composite?
False
Let r(b) = -115*b + 4. Let i(u) = 230*u - 8. Let c(g) = 4*i(g) + 7*r(g). Let w = 162 + -157. Is c(w) a prime number?
True
Let v(o) = 176*o**2 + 8*o + 157. Is v(11) composite?
True
Let t be (-24 + 6)/6 - (37 - 0). Is (2096/t)/(6/(-345)) a prime number?
False
Let b(l) = 2*l**3 - 90*l**2 + 21*l + 59. Is b(54) a prime number?
True
Let n = 644294 - 24205. Is n prime?
False
Let t = 41721 + -28196. Suppose -47*x = -52*x + t. Is x a prime number?
False
Let f = 216 + -216. Suppose 3*g - 2*q - 36203 = f, -5*g + 52296 = 5*q - 8084. Is g a composite number?
False
Suppose 3*l - 116925 = 65718. Is l composite?
True
Suppose -18339354 = -23*f - 175*f. Is f composite?
False
Suppose -1 = 31*w - 32*w. Let k be w + (1 - (2 + 0 + 0)). Is (-3 - k) + 4 + 1782 a composite number?
False
Let k(c) be the first derivative of 10*c - 907/2*c**2 - 25. Is k(-3) prime?
True
Let r = 29970 - -8665. Is r prime?
False
Suppose -4*s - 5*g + 45 = 0, -10*s + 4*g = -8*s - 16. Suppose 0 = 5*h + o - 8289, -s*h + o = -11*h + 1661. Is h a composite number?
False
Let h = -104 + 125. Let t = 21 - h. Suppose t = -4*l + 2067 + 2281. Is l a composite number?
False
Let t be 1284/30 + 4*4/(-20). Suppose 377043 = 9*r + t*r. Is r a prime number?
True
Let d(p) = -2 - 3*p**2 - 10*p + 4*p**2 - p**2 + 3*p**2. Suppose 3*n - 12 = 0, 0*k = k + 3*n - 6. Is d(k) a composite number?
True
Let z = 30940 + -12903. Suppose -44*d + 27*d = -z. Is d prime?
True
Let i be -4 - (2 - (7 + 3)). Suppose 0 = k + 5*j - 2095, 6285 = 3*k - 0*k + i*j. Suppose 0 = 12*t - 7*t - k. Is t a prime number?
True
Suppose 4*c - 4 - 2 = 2*a, 3*c - 3*a + 3 = 0. Suppose 5*b - k = 3891 + 3087, -3*b + 4173 = c*k. Suppose 9*t - b = -576. Is t a prime number?
False
Suppose 2*l - 34816 = 3*a + 24834, 0 = a + 4. Is l prime?
True
Suppose 289985 = 5*i + p, -5*i - 161676 = 4*p - 451661. Is i prime?
False
Let p(r) = 16*r**2 - 30*r - 50. Let b be p(39). Suppose 17*l - 26133 = b. Is l a composite number?
False
Suppose -10 = 4*s - 50. Let x be (-1)/(-2) + 6865/s. Suppose -5*p - v + 2*v = -3417, -p = -2*v - x. Is p a composite number?
False
Let m(u) = 3*u**3 + 4*u + 5. Let r be m(-4). Let d = r + 285. Is d a prime number?
False
Let q be 1 - 16314/(-9) - 18/(-54). Is (3/6)/(((-7)/q)/(-7)) a composite number?
False
Suppose 0 = 2*w - 5*w + 216. Let u = 10605 + -9820. Let v = u - w. Is v composite?
True
Let m(x) = x + x**3 + x - 5*x - 3*x + 8*x**2 + 5. Let v be m(-6). Suppose -4*n + v = -451. Is n a prime number?
False
Suppose 5*q = 3*y - 88391, -1899*y = -1902*y - q + 88403. Is y a prime number?
False
Let a(j) = 24*j**2 + 72*j - 2773. Is a(46) composite?
True
Suppose 31*f + 260589 = 965870. Is f prime?
True
Let r = 482 + 1234. Let c = 5054 - r. Is c a prime number?
False
Let x = -765559 - -1442502. Is x a prime number?
True
Let o(w) = -w - 11. Let p be o(-8). Let v(a) be the first derivative of -25*a**2/2 + 2*a + 3. Is v(p) prime?
False
Let g = 45776 - -2819. Is g a composite number?
True
Let b(y) = 53*y + 2501. Is b(16) a composite number?
True
Suppose 273 = 5*k + 248. Suppose k*l + 4411 = 2*v, -12 = -0*l - 4*l. Is v a composite number?
False
Suppose 2*v + 2*o - 104434 - 33980 = 0, 4*o + 207607 = 3*v. Is v a composite number?
True
Suppose 0 = -2*c - 6 - 0, 0 = -h - 3*c - 27. Is 2*(-2)/h + (-1298760)/(-216) a prime number?
False
Let n = 1354 + -515. Is n composite?
False
Suppose 0 = l + 2*l - 5*m - 26565, l = 4*m + 8848. Suppose -5*y - l = -4*t - y, -2 = -y. Suppose t = 2*a - 4321. Is a a prime number?
False
Let j = -39 - -40. Suppose -1 = 2*d - 3*r, -3*r + 4*r = d - j. Suppose -16 = 4*p, 5*p = -d*t + 7*p + 132. Is t composite?
False
Let m be (-4 + 11)*(6/7)/3. Let x be (-1)/2*(m - 6). Suppose 0 = -n + 2*n + x, n = -3*k + 127. Is k a prime number?
True
Suppose 2 - 11 = 9*a. Let j(c) = c**3 + 2*c**2 - 1. Let o be j(a). Suppose -5*d + 3*h + 809 = o, 2*d - 316 = 2*h + 3*h. Is d a prime number?
True
Let n be ((-45)/(-12))/(1 - 777/780). Suppose 6*h = 243 + n. Is h a prime number?
False
Let y(v) = 74899*v - 163. Is y(2) a composite number?
True
Let x(a) = a**3 - a**2 - 2*a - 1. Suppose -8 = 14*b - 10*b. Let j be x(b). Let h(k) = 11*k**2 - 29*k - 1. Is h(j) composite?
False
Let b(l) = -389*l**2 - 5 + 173*l**2 + 5*l + 132*l**2 + 215*l**2 - 2. Is b(3) a composite number?
False
Let w = 47 + -47. Suppose w = -3*k - 5910 + 14184. Let d = k + -11. Is d composite?
True
Let x be (-4)/(-8) - 7/(-2). Let v be -18*(-1 + 2/x). Suppose -3*n + 1133 = 2*p, 0 = -4*n + v*n - 4*p - 1881. Is n a prime number?
False
Let g be -4*((-117)/(-6))/(-13). Let j(a) = 2306*a - 85. Is j(g) prime?
True
Let o = 14761 + -9745. Suppose -h + 9*h = o. Suppose -c + 0*f + h = f, -2*f + 623 = c. Is c composite?
False
Let z = 205218 - 141946. Suppose 11*w + 11011 = z. Is w a composite number?
False
Let s(o) = o**2 + 51 - 2*o - 46 - 2*o**2. Let f be s(-3). Suppose f*u + 0*u = -5*j + 3111, -4*j = -5*u - 2502. Is j prime?
False
Is ((-2)/(-9))/1 - 4158295557/(-8073) composite?
False
Suppose 6737 = 8*n - 17927. Is n prime?
True
Let f(s) = -32*s**2 - 2*s + 2. Let a be f(-3). Let h be 1*-3 + (-11 - a). Suppose -k + 3*i = -75, k - 5*i + h = 5*k. Is k prime?
False
Let d = 80 - 78. Suppose 0 = -d*h + h - 4*h. Is h/(-1) + (-8091)/(-9) a prime number?
False
Suppose 520 = k - 2149. Suppose -15*p + 35*p = 40. Suppose -7045 = -5*d + p*s, -6896 + k = -3*d + s. Is d composite?
False
Suppose 88*c - 47*c + 2869860 = 11038741. Is c a composite number?
True
Let p(z) = z**3 + 21